{"id":116,"date":"2024-01-23T19:02:36","date_gmt":"2024-01-23T19:02:36","guid":{"rendered":"https:\/\/studiomirta.com\/?page_id=116"},"modified":"2024-03-07T16:06:37","modified_gmt":"2024-03-07T15:06:37","slug":"recenzije","status":"publish","type":"page","link":"https:\/\/studiomirta.com\/?page_id=116","title":{"rendered":"Recenzije i nagrade"},"content":{"rendered":"\n<p><\/p>\n\n\n\n<div class=\"wp-block-columns are-vertically-aligned-center is-layout-flex wp-container-core-columns-layout-1 wp-block-columns-is-layout-flex\">\n<div class=\"wp-block-column is-layout-flow wp-block-column-is-layout-flow\" style=\"flex-basis:50%\">\n<p>Studio Mirta je u 2023 godini  ostvario najvi\u0161e no\u0107enja gostiju u gradu Vara\u017edinu. Gosti sa najvi\u0161im ocjenama vrednuju gostoprimstvo, srda\u010dnost i kvalitetu usluge te se uvijek rado vra\u0107aju.<\/p>\n\n\n\n<div class=\"wp-block-group is-layout-constrained wp-block-group-is-layout-constrained\"><div class=\"wp-block-group__inner-container\">\n<figure class=\"wp-block-image size-large\"><img loading=\"lazy\" decoding=\"async\" width=\"703\" height=\"1024\" src=\"https:\/\/studiomirta.com\/wp-content\/uploads\/2024\/01\/Priznanje_najiznajmljivac_2023-703x1024.jpg\" alt=\"\" class=\"wp-image-34\"\/><\/figure>\n<\/div><\/div>\n<\/div>\n\n\n\n<div class=\"wp-block-column is-layout-flow wp-block-column-is-layout-flow\" style=\"flex-basis:50%\">\n<figure class=\"wp-block-image size-large\"><img loading=\"lazy\" decoding=\"async\" width=\"1024\" height=\"1024\" src=\"https:\/\/studiomirta.com\/wp-content\/uploads\/2024\/01\/Digital-Award-TRA-2024-1024x1024.png\" alt=\"\" class=\"wp-image-162\"\/><\/figure>\n\n\n\n<p>                                                                                               <\/p>\n\n\n\n<p>                                                                                   Mirta Kujund\u017ei\u0107 je zahvaljuju\u0107i povjerenju svojih gostiju osvojila nagradu Turisti\u010dke zajednice grada Vara\u017edina u kategoriji najboljeg privatnog iznajmljiva\u010da u 2023. godini.<\/p>\n<\/div>\n\n\n\n<div class=\"wp-block-column is-layout-flow wp-block-column-is-layout-flow\"><\/div>\n<\/div>\n\n\n\n<hr class=\"wp-block-separator has-css-opacity is-style-default\"\/>\n\n\n\n<div class=\"wp-block-columns is-layout-flex wp-container-core-columns-layout-2 wp-block-columns-is-layout-flex\">\n<div class=\"wp-block-column is-layout-flow wp-block-column-is-layout-flow\">\n<figure class=\"wp-block-image size-full\"><img loading=\"lazy\" decoding=\"async\" width=\"208\" height=\"146\" src=\"https:\/\/studiomirta.com\/wp-content\/uploads\/2024\/02\/2024-02-14-12.06.51-PM-1.png\" alt=\"\" class=\"wp-image-358\"\/><\/figure>\n<\/div>\n\n\n\n<div class=\"wp-block-column is-layout-flow wp-block-column-is-layout-flow\">\n<figure class=\"wp-block-image size-full\"><img loading=\"lazy\" decoding=\"async\" width=\"207\" height=\"145\" src=\"https:\/\/studiomirta.com\/wp-content\/uploads\/2024\/02\/2024-02-14-12.06.38-PM-1.png\" alt=\"\" class=\"wp-image-359\"\/><\/figure>\n<\/div>\n\n\n\n<div class=\"wp-block-column is-layout-flow wp-block-column-is-layout-flow\">\n<figure class=\"wp-block-image size-full\"><img loading=\"lazy\" decoding=\"async\" width=\"213\" height=\"146\" src=\"https:\/\/studiomirta.com\/wp-content\/uploads\/2024\/02\/2024-02-14-12.06.26-PM-1.png\" alt=\"\" class=\"wp-image-360\"\/><\/figure>\n<\/div>\n<\/div>\n\n\n\n<hr class=\"wp-block-separator has-alpha-channel-opacity\"\/>\n\n\n\n<div class=\"wp-block-columns is-layout-flex wp-container-core-columns-layout-3 wp-block-columns-is-layout-flex\">\n<div class=\"wp-block-column is-layout-flow wp-block-column-is-layout-flow\">\n<figure class=\"wp-block-image size-full\"><img loading=\"lazy\" decoding=\"async\" width=\"210\" height=\"149\" src=\"https:\/\/studiomirta.com\/wp-content\/uploads\/2024\/02\/2024-02-14-12.00.45-PM.png\" alt=\"\" class=\"wp-image-345\"\/><\/figure>\n<\/div>\n\n\n\n<div class=\"wp-block-column is-layout-flow wp-block-column-is-layout-flow\">\n<figure class=\"wp-block-image size-full\"><img loading=\"lazy\" decoding=\"async\" width=\"206\" height=\"149\" src=\"https:\/\/studiomirta.com\/wp-content\/uploads\/2024\/02\/2024-02-14-12.00.35-PM.png\" alt=\"\" class=\"wp-image-346\"\/><\/figure>\n<\/div>\n\n\n\n<div class=\"wp-block-column is-layout-flow wp-block-column-is-layout-flow\">\n<figure class=\"wp-block-image size-full\"><img loading=\"lazy\" decoding=\"async\" width=\"204\" height=\"145\" src=\"https:\/\/studiomirta.com\/wp-content\/uploads\/2024\/02\/2024-02-14-12.00.18-PM.png\" alt=\"\" class=\"wp-image-348\"\/><\/figure>\n<\/div>\n<\/div>\n\n\n\n<hr class=\"wp-block-separator has-alpha-channel-opacity\"\/>\n\n\n\n<div class=\"wp-block-columns is-layout-flex wp-container-core-columns-layout-4 wp-block-columns-is-layout-flex\">\n<div class=\"wp-block-column is-layout-flow wp-block-column-is-layout-flow\">\n<figure class=\"wp-block-image size-full\"><img loading=\"lazy\" decoding=\"async\" width=\"207\" height=\"149\" src=\"https:\/\/studiomirta.com\/wp-content\/uploads\/2024\/02\/2024-02-14-12.00.09-PM.png\" alt=\"\" class=\"wp-image-349\"\/><\/figure>\n<\/div>\n\n\n\n<div class=\"wp-block-column is-layout-flow wp-block-column-is-layout-flow\">\n<figure class=\"wp-block-image size-full\"><img loading=\"lazy\" decoding=\"async\" width=\"214\" height=\"146\" src=\"https:\/\/studiomirta.com\/wp-content\/uploads\/2024\/02\/2024-02-14-11.59.59-AM.png\" alt=\"\" class=\"wp-image-350\"\/><\/figure>\n<\/div>\n\n\n\n<div class=\"wp-block-column is-layout-flow wp-block-column-is-layout-flow\">\n<figure class=\"wp-block-image size-full\"><img loading=\"lazy\" decoding=\"async\" width=\"208\" height=\"142\" src=\"https:\/\/studiomirta.com\/wp-content\/uploads\/2024\/02\/2024-02-14-12.11.14-PM.png\" alt=\"\" class=\"wp-image-362\"\/><\/figure>\n<\/div>\n<\/div>\n\n\n\n<hr class=\"wp-block-separator has-alpha-channel-opacity\"\/>\n\n\n\n<div class=\"wp-block-columns is-layout-flex wp-container-core-columns-layout-5 wp-block-columns-is-layout-flex\">\n<div class=\"wp-block-column is-layout-flow wp-block-column-is-layout-flow\">\n<figure class=\"wp-block-image size-full is-resized\"><img loading=\"lazy\" decoding=\"async\" width=\"436\" height=\"292\" src=\"https:\/\/studiomirta.com\/wp-content\/uploads\/2024\/03\/2024-03-07-03.52.07-PM.png\" alt=\"\" class=\"wp-image-367\" style=\"width:230px;height:auto\" srcset=\"https:\/\/studiomirta.com\/wp-content\/uploads\/2024\/03\/2024-03-07-03.52.07-PM.png 436w, https:\/\/studiomirta.com\/wp-content\/uploads\/2024\/03\/2024-03-07-03.52.07-PM-300x201.png 300w\" sizes=\"(max-width: 436px) 100vw, 436px\" \/><\/figure>\n<\/div>\n\n\n\n<div class=\"wp-block-column is-layout-flow wp-block-column-is-layout-flow\">\n<figure class=\"wp-block-image size-full is-resized\"><img loading=\"lazy\" decoding=\"async\" width=\"422\" height=\"286\" src=\"https:\/\/studiomirta.com\/wp-content\/uploads\/2024\/03\/2024-03-07-03.52.22-PM.png\" alt=\"\" class=\"wp-image-366\" style=\"width:221px;height:auto\" srcset=\"https:\/\/studiomirta.com\/wp-content\/uploads\/2024\/03\/2024-03-07-03.52.22-PM.png 422w, https:\/\/studiomirta.com\/wp-content\/uploads\/2024\/03\/2024-03-07-03.52.22-PM-300x203.png 300w\" sizes=\"(max-width: 422px) 100vw, 422px\" \/><\/figure>\n<\/div>\n\n\n\n<div class=\"wp-block-column is-layout-flow wp-block-column-is-layout-flow\">\n<figure class=\"wp-block-image size-full is-resized\"><img loading=\"lazy\" decoding=\"async\" width=\"430\" height=\"290\" src=\"https:\/\/studiomirta.com\/wp-content\/uploads\/2024\/03\/2024-03-07-03.52.48-PM.png\" alt=\"\" class=\"wp-image-364\" style=\"width:208px;height:auto\" srcset=\"https:\/\/studiomirta.com\/wp-content\/uploads\/2024\/03\/2024-03-07-03.52.48-PM.png 430w, https:\/\/studiomirta.com\/wp-content\/uploads\/2024\/03\/2024-03-07-03.52.48-PM-300x202.png 300w\" sizes=\"(max-width: 430px) 100vw, 430px\" \/><\/figure>\n<\/div>\n<\/div>\n\n\n\n<hr class=\"wp-block-separator has-alpha-channel-opacity\"\/>\n\n\n\n<div class=\"wp-block-columns is-layout-flex wp-container-core-columns-layout-6 wp-block-columns-is-layout-flex\">\n<div class=\"wp-block-column is-layout-flow wp-block-column-is-layout-flow\">\n<figure class=\"wp-block-image size-full is-resized\"><img loading=\"lazy\" decoding=\"async\" width=\"416\" height=\"288\" src=\"https:\/\/studiomirta.com\/wp-content\/uploads\/2024\/03\/2024-03-07-04.06.10-PM.png\" alt=\"\" class=\"wp-image-372\" style=\"width:238px;height:auto\" srcset=\"https:\/\/studiomirta.com\/wp-content\/uploads\/2024\/03\/2024-03-07-04.06.10-PM.png 416w, https:\/\/studiomirta.com\/wp-content\/uploads\/2024\/03\/2024-03-07-04.06.10-PM-300x208.png 300w\" sizes=\"(max-width: 416px) 100vw, 416px\" \/><\/figure>\n<\/div>\n\n\n\n<div class=\"wp-block-column is-layout-flow wp-block-column-is-layout-flow\">\n<figure class=\"wp-block-image size-full is-resized\"><img loading=\"lazy\" decoding=\"async\" width=\"432\" height=\"290\" src=\"https:\/\/studiomirta.com\/wp-content\/uploads\/2024\/03\/2024-03-07-03.51.10-PM.png\" alt=\"\" class=\"wp-image-369\" style=\"width:235px;height:auto\" srcset=\"https:\/\/studiomirta.com\/wp-content\/uploads\/2024\/03\/2024-03-07-03.51.10-PM.png 432w, https:\/\/studiomirta.com\/wp-content\/uploads\/2024\/03\/2024-03-07-03.51.10-PM-300x201.png 300w\" sizes=\"(max-width: 432px) 100vw, 432px\" \/><\/figure>\n<\/div>\n\n\n\n<div class=\"wp-block-column is-layout-flow wp-block-column-is-layout-flow\">\n<figure class=\"wp-block-image size-full is-resized\"><img loading=\"lazy\" decoding=\"async\" width=\"422\" height=\"288\" src=\"https:\/\/studiomirta.com\/wp-content\/uploads\/2024\/03\/2024-03-07-03.50.58-PM.png\" alt=\"\" class=\"wp-image-370\" style=\"width:223px;height:auto\" srcset=\"https:\/\/studiomirta.com\/wp-content\/uploads\/2024\/03\/2024-03-07-03.50.58-PM.png 422w, https:\/\/studiomirta.com\/wp-content\/uploads\/2024\/03\/2024-03-07-03.50.58-PM-300x205.png 300w\" sizes=\"(max-width: 422px) 100vw, 422px\" \/><\/figure>\n<\/div>\n<\/div>\n","protected":false},"excerpt":{"rendered":"<p>Studio Mirta je u 2023 godini ostvario najvi\u0161e no\u0107enja gostiju u gradu Vara\u017edinu. Gosti sa najvi\u0161im ocjenama vrednuju gostoprimstvo, srda\u010dnost i kvalitetu usluge te se uvijek rado vra\u0107aju. Mirta Kujund\u017ei\u0107 je zahvaljuju\u0107i povjerenju svojih gostiju osvojila nagradu Turisti\u010dke zajednice grada Vara\u017edina u kategoriji najboljeg privatnog&nbsp;<a class=\"read-more\" href=\"https:\/\/studiomirta.com\/?page_id=116\">&hellip;<\/a><\/p>\n","protected":false},"author":1,"featured_media":0,"parent":0,"menu_order":0,"comment_status":"closed","ping_status":"closed","template":"","meta":{"footnotes":""},"_links":{"self":[{"href":"https:\/\/studiomirta.com\/index.php?rest_route=\/wp\/v2\/pages\/116"}],"collection":[{"href":"https:\/\/studiomirta.com\/index.php?rest_route=\/wp\/v2\/pages"}],"about":[{"href":"https:\/\/studiomirta.com\/index.php?rest_route=\/wp\/v2\/types\/page"}],"author":[{"embeddable":true,"href":"https:\/\/studiomirta.com\/index.php?rest_route=\/wp\/v2\/users\/1"}],"replies":[{"embeddable":true,"href":"https:\/\/studiomirta.com\/index.php?rest_route=%2Fwp%2Fv2%2Fcomments&post=116"}],"version-history":[{"count":16,"href":"https:\/\/studiomirta.com\/index.php?rest_route=\/wp\/v2\/pages\/116\/revisions"}],"predecessor-version":[{"id":373,"href":"https:\/\/studiomirta.com\/index.php?rest_route=\/wp\/v2\/pages\/116\/revisions\/373"}],"wp:attachment":[{"href":"https:\/\/studiomirta.com\/index.php?rest_route=%2Fwp%2Fv2%2Fmedia&parent=116"}],"curies":[{"name":"wp","href":"https:\/\/api.w.org\/{rel}","templated":true}]}}